090413 is divided by 580?
13
Calculate the remainder when 15731 is divided by 3922.
43
Calculate the remainder when 465451 is divided by 51716.
7
Calculate the remainder when 38653 is divided by 15.
13
Calculate the remainder when 6418 is divided by 160.
18
Calculate the remainder when 1676 is divided by 720.
236
Calculate the remainder when 4523 is divided by 298.
53
Calculate the remainder when 5563 is divided by 1376.
59
What is the remainder when 1649 is divided by 538?
35
Calculate the remainder when 3941 is divided by 567.
539
What is the remainder when 4737 is divided by 88?
73
Calculate the remainder when 4283 is divided by 8.
3
Calculate the remainder when 19779 is divided by 220.
199
What is the remainder when 191682 is divided by 348?
282
What is the remainder when 4208 is divided by 132?
116
Calculate the remainder when 1905 is divided by 1792.
113
What is the remainder when 170845 is divided by 670?
665
Calculate the remainder when 26558 is divided by 14.
0
What is the remainder when 98788 is divided by 98760?
28
What is the remainder when 22755 is divided by 316?
3
What is the remainder when 61063 is divided by 47?
10
Calculate the remainder when 14180 is divided by 212.
188
Calculate the remainder when 1553 is divided by 1096.
457
Calculate the remainder when 3498 is divided by 95.
78
What is the remainder when 347942 is divided by 3?
2
Calculate the remainder when 29760 is divided by 21.
3
What is the remainder when 14225 is divided by 12?
5
Calculate the remainder when 37512 is divided by 37.
31
What is the remainder when 447615 is divided by 83?
79
What is the remainder when 3274 is divided by 103?
81
What is the remainder when 11595 is divided by 2610?
1155
What is the remainder when 558271 is divided by 899?
891
Calculate the remainder when 12051 is divided by 262.
261
What is the remainder when 24213 is divided by 223?
129
What is the remainder when 84628 is divided by 297?
280
What is the remainder when 149489 is divided by 24906?
53
Calculate the remainder when 109010 is divided by 3.
2
What is the remainder when 3125 is divided by 225?
200
What is the remainder when 239852 is divided by 23985?
2
What is the remainder when 2621 is divided by 1079?
463
Calculate the remainder when 166729 is divided by 166721.
8
Calculate the remainder when 79138 is divided by 386.
8
Calculate the remainder when 8804 is divided by 188.
156
What is the remainder when 6490 is divided by 1620?
10
Calculate the remainder when 29347 is divided by 14661.
25
What is the remainder when 28723 is divided by 183?
175
What is the remainder when 2294 is divided by 271?
126
What is the remainder when 190047 is divided by 27?
21
Calculate the remainder when 145228 is divided by 1068.
1048
Calculate the remainder when 992 is divided by 644.
348
Calculate the remainder when 904620 is divided by 1285.
1265
What is the remainder when 9088 is divided by 35?
23
What is the remainder when 1516922 is divided by 601?
599
What is the remainder when 55031 is divided by 47?
41
Calculate the remainder when 24302 is divided by 182.
96
Calculate the remainder when 15590 is divided by 1036.
50
Calculate the remainder when 19482 is divided by 336.
330
What is the remainder when 109360 is divided by 196?
188
What is the remainder when 16650 is divided by 2377?
11
What is the remainder when 685 is divided by 331?
23
Calculate the remainder when 116771 is divided by 1052.
1051
What is the remainder when 23194 is divided by 5?
4
What is the remainder when 39585 is divided by 74?
69
Calculate the remainder when 7369 is divided by 4.
1
What is the remainder when 32560 is divided by 2959?
11
Calculate the remainder when 75882 is divided by 15.
12
What is the remainder when 29271 is divided by 30?
21
Calculate the remainder when 352528 is divided by 45.
43
What is the remainder when 16513 is divided by 8247?
19
What is the remainder when 24921 is divided by 582?
477
Calculate the remainder when 11889 is divided by 350.
339
What is the remainder when 16978 is divided by 5517?
427
Calculate the remainder when 123095 is divided by 61537.
21
Calculate the remainder when 4541 is divided by 38.
19
Calculate the remainder when 69935 is divided by 744.
743
Calculate the remainder when 1880 is divided by 270.
260
Calculate the remainder when 26 is divided by 23.
3
What is the remainder when 79519 is divided by 9930?
79
Calculate the remainder when 93814 is divided by 11.
6
What is the remainder when 64533 is divided by 21508?
9
What is the remainder when 6958 is divided by 386?
10
What is the remainder when 452584 is divided by 35?
34
What is the remainder when 5119 is divided by 4959?
160
What is the remainder when 2380 is divided by 158?
10
Calculate the remainder when 320911 is divided by 188.
183
What is the remainder when 584646 is divided by 11?
7
Calculate the remainder when 2465871 is divided by 23.
18
What is the remainder when 133431 is divided by 47?
45
What is the remainder when 2897 is divided by 2872?
25
What is the remainder when 22303 is divided by 1393?
15
Calculate the remainder when 15680 is divided by 63.
56
What is the remainder when 106878 is divided by 32?
30
What is the remainder when 19379 is divided by 117?
74
What is the remainder when 15825 is divided by 80?
65
What is the remainder when 97745 is divided by 106?
13
Calculate the remainder when 464 is divided by 152.
8
What is the remainder when 479597 is divided by 9?
5
Calculate the remainder when 17369 is divided by 2480.
9
Calculate the remainder when 7270 is divided by 9.
7
What is the remainder when 5122 is divided by 817?
220
Calculate the remainder when 29833 is divided by 259.
48
What is the remainder when 1068 is divided by 1035?
33
What is the remainder when 10107 is divided by 31?
1
Calculate the remainder when 7114729 is divided by 74.
73
What is the remainder when 482 is divided by 60?
2
Calculate the remainder when 73705 is divided by 168.
121
What is the remainder when 8792 is divided by 4375?
42
What is the remainder when 2087 is divided by 504?
71
Calculate the remainder when 2491 is divided by 2489.
2
What is the remainder when 64501 is divided by 21495?
16
Calculate the remainder when 583 is divided by 221.
141
Calculate the remainder when 455985 is divided by 78.
75
Calculate the remainder when 35665 is divided by 169.
6
What is the remainder when 6112 is divided by 133?
127
What is the remainder when 1416595 is divided by 708292?
11
What is the remainder when 1701 is divided by 30?
21
What is the remainder when 95120 is divided by 1058?
958
Calculate the remainder when 2593 is divided by 993.
607
What is the remainder when 130818 is divided by 10?
8
What is the remainder when 385888 is divided by 337?
23
Calculate the remainder when 117286 is divided by 181.
179
What is the remainder when 1521 is divided by 101?
6
What is the remainder when 744 is divided by 649?
95
Calculate the remainder when 2230 is divided by 1061.
108
What is the remainder when 80855 is divided by 26949?
8
Calculate the remainder when 25901 is divided by 1622.
1571
What is the remainder when 493371 is divided by 369?
18
What is the remainder when 8772 is divided by 31?
30
Calculate the remainder when 1632 is divided by 445.
297
Calculate the remainder when 56943 is divided by 11385.
18
Calculate the remainder when 14867 is divided by 4738.
653
Calculate the remainder when 2787 is divided by 6.
3
Calculate the remainder when 12183 is divided by 487.
8
Calculate the remainder when 44677 is divided by 65.
22
Calculate the remainder when 37592 is divided by 239.
69
Calculate the remainder when 9000 is divided by 1540.
1300
What is the remainder when 12128 is divided by 22?
6
Calculate the remainder when 3368 is divided by 66.
2
Calculate the remainder when 8692 is divided by 481.
34
Calculate the remainder when 17101 is divided by 570.
1
Calculate the remainder when 92696 is divided by 30894.
14
What is the remainder when 3617 is divided by 17?
13
What is the remainder when 11064 is divided by 798?
690
Calculate the remainder when 25665 is divided by 82.
81
Calculate the remainder when 1077 is divided by 237.
129
Calculate the remainder when 459 is divided by 215.
29
Calculate the remainder when 15623 is divided by 4